*i + 3*q + 34, 3*i = -4*q - 0 - 16. Calculate the remainder when 27 is divided by 6/((-1)/i*6).
3
What is the remainder when 157 is divided by ((-68)/3)/((-12)/18)?
21
Calculate the remainder when ((-448)/(-3))/(468/27 + -17) is divided by 25.
23
Let d = 142 + -82. Suppose 0 = -63*y + d*y + 15. Calculate the remainder when 32 is divided by y.
2
Let h(g) be the second derivative of -g**3/6 + 3*g**2/2 + 9*g. What is the remainder when 54 is divided by h(-8)?
10
Suppose -2*f = -4*b + 18, -1 = -3*b - 3*f + 2*f. Suppose b - 5 = p, -p - 29 = -n. Let c = 8 + 6. What is the remainder when n is divided by c?
12
Calculate the remainder when 31*138/66 - 2/(-11) is divided by 22.
21
Suppose 0 = 18*v - 741 - 1041. What is the remainder when v is divided by 17?
14
Let p(r) = 15*r**2 + 2*r - 1. What is the remainder when (9/(-6))/(15/(-620)) is divided by p(1)?
14
Suppose -4*v + m = -35 - 45, -4*m = -5*v + 100. Let y = v - -7. Calculate the remainder when y is divided by (4 + (-3)/(-1))*1.
6
Suppose s = 2*p - 677, -3*s = 15 - 6. Calculate the remainder when p is divided by 44.
29
Let s(l) = l**2 + 33*l + 297. Calculate the remainder when 136 is divided by s(-19).
12
Let o(n) = n**2 + 9*n + 22. Let x be o(-9). Calculate the remainder when 87 is divided by 4/x + (-392)/(-22).
15
Let n(c) = c**2 - 18*c + 21. Calculate the remainder when -2*15*2/(-4) is divided by n(17).
3
Let s = 183 - 188. Let y(b) = -b**2 - 5*b + 2. What is the remainder when ((-4)/3)/((-9)/(-270)*s) is divided by y(-5)?
0
Suppose -40*c = 346 - 5466. What is the remainder when c is divided by 9?
2
Let j = -483 - -341. Let n = j + 212. Calculate the remainder when n is divided by 19.
13
Let m = -31 + -43. Let h = m + 83. What is the remainder when 62 is divided by h?
8
Let c(i) = -6*i + 143. What is the remainder when c(13) is divided by 42?
23
Suppose b = -3*z + z + 53, -3*b = -3. Let a(i) = i**2 + 4*i - 75. Let x be a(0). Let f = 89 + x. What is the remainder when z is divided by f?
12
Let d = -31 + 52. Let f = 39 - d. Calculate the remainder when f is divided by 11.
7
Calculate the remainder when 99 is divided by 35 - (0/(-5))/(12/3).
29
Suppose 186*q = 190*q - 156. Calculate the remainder when q is divided by 20.
19
Let y be (-20)/8*(-8)/10. Let q = -10 - y. Calculate the remainder when (q/30)/(2/(-190)) is divided by 13.
12
Let b(q) = 4*q + 46. Calculate the remainder when b(8) is divided by 27.
24
Suppose 5*y + 20 = 0, 10*z = 7*z - 3*y - 3. Suppose -t + 0 - 12 = z*x, 5*t + 5*x = -10. Calculate the remainder when 22 is divided by t.
1
Let x(a) = 39*a**2 + 4*a + 8. Let w be x(-2). Suppose 4*t = 4*u - u + 305, 2*t - w = -2*u. Calculate the remainder when t is divided by 26.
25
Let g = 18 - 10. Suppose 5*p + g = 63. What is the remainder when 19 is divided by p?
8
Let f(j) = 38*j - 66. Let i be -4 - (-3)/6*22. What is the remainder when f(i) is divided by 34?
30
Suppose 0*v = -4*v + 16, 3*r = -4*v + 67. Calculate the remainder when 43 is divided by r.
9
Let v = -878 + 1122. Calculate the remainder when v is divided by 25.
19
Let o(m) = 29*m + 12. Calculate the remainder when o(9) is divided by 55.
53
What is the remainder when 319 is divided by (65*-16)/(-10) - -1?
4
Calculate the remainder when 42 is divided by 37 - 28*3/12.
12
Let f(g) = -g**3 - 4*g**2 + 12*g + 12. What is the remainder when 3 + -6 + (61 - 1) is divided by f(-6)?
9
Let h = 189 - 177. What is the remainder when 442 is divided by h?
10
Let a(d) = -3*d**2 + 20*d - 4. Let n be a(9). Let o = n + 149. Suppose 2 = -4*g + o. What is the remainder when 77 is divided by g?
17
Let y = -1916 + 1924. Calculate the remainder when 29 is divided by y.
5
Let a(l) be the third derivative of l**4/24 + l**3/6 + 4*l**2. Suppose 2*k = -4*w + 13 + 7, -5*k = -3*w - 11. What is the remainder when a(k) is divided by 4?
1
Let b(z) = 29*z - 81. What is the remainder when b(4) is divided by 8?
3
Calculate the remainder when 137 is divided by (-2)/((156/(-444))/13).
63
Suppose 17*l - 17 - 221 = 0. What is the remainder when l is divided by 11?
3
Let a = -45 + 82. Suppose -10 = 3*u + 4*z, -5*u - 2*z - 14 = -2*u. Let i(m) = -m**3 - 7*m**2 - 7*m + 4. What is the remainder when a is divided by i(u)?
7
Suppose 5*r - 691 + 671 = 0. Calculate the remainder when 39 is divided by r.
3
Let m = 152 - 153. Let h(c) = -4*c - 1. Calculate the remainder when 8 is divided by h(m).
2
Suppose 86 = 21*m - 880. Calculate the remainder when 411 is divided by m.
43
Suppose -5*l + 4*l - 3 = 0. Let s be l/2 + 1045/22. Suppose b = -5*x + 45, -2*b + s = 5*x + 1. What is the remainder when 25 is divided by x?
7
Suppose -10*j = -8*j - 22. Let f(l) = l**3 - 11*l**2 + 2*l + 13. Calculate the remainder when f(j) is divided by 20.
15
Suppose -2*a - 150 = -f - 0*f, -156 = -f - a. Let n = f - 99. Calculate the remainder when n is divided by 14.
13
Suppose -3*d - 2*d + 345 = 2*n, -4*n = d - 699. What is the remainder when 1048 is divided by n?
173
Suppose 0 = -19*z + 26*z - 91. Suppose z*g - 15 = 10*g. What is the remainder when 18 is divided by g?
3
Suppose 44*z - 24*z - 480 = 0. Calculate the remainder when z is divided by 9.
6
Let q = 660 - 598. What is the remainder when q is divided by 20?
2
Let n be 1/2*14/(-7). Calculate the remainder when (-3)/4*(n - 3) is divided by 2.
1
Suppose -42 - 30 = -9*p. Calculate the remainder when 38 is divided by p.
6
Suppose 2*c = 7 + 21. Let s = c + 23. What is the remainder when 147 is divided by s?
36
Let c = -22 - -9. Let m(k) = -2*k**2 - 28*k + 3. Calculate the remainder when 113 is divided by m(c).
26
Suppose 2*n - 4*n = -18. Suppose w + 8 = -3*l + 60, 5*w = -3*l + 260. Calculate the remainder when w is divided by n.
7
Let p = -17 - -51. Suppose -62 = -2*t + 5*i, 2*t + 3*i - i = p. What is the remainder when t is divided by 6?
3
Suppose 0 + 8 = 4*f. Calculate the remainder when 0 - (2 + (-6)/f)*42 is divided by 11.
9
Calculate the remainder when (14 - (-166)/(-12)) + 6202/12 is divided by 18.
13
Suppose 15 = 29*f - 28*f. Calculate the remainder when 50 is divided by f.
5
Calculate the remainder when 93 is divided by 117/9 + -2 + 3.
9
Suppose 13*i - 20*i = -98. What is the remainder when 979 is divided by i?
13
Let z(q) = -q**3 + 31*q**2 - 8*q + 341. Suppose 0*f - 24 = -2*f. Calculate the remainder when z(31) is divided by f.
9
Let y = -297 + 327. Calculate the remainder when 76 is divided by y.
16
Suppose -2*o + 6 = 0, 2*c - 3*c + 3*o + 16 = 0. Suppose 0 = -2*f - y + c - 2, -4*f - y = -43. Calculate the remainder when 48 is divided by f.
8
Suppose -10*d + 11*d = -2*u + 98, 0 = -5*d. Calculate the remainder when u is divided by 36.
13
Let k be (-12)/16*4/6*-104. Suppose -k*o = -56*o + 176. Calculate the remainder when o is divided by 25.
19
Let c(x) = x**3 + 5*x**2 - 7*x - 4. Let t be c(-6). Suppose -32*a + 1688 = 88. What is the remainder when a is divided by (-3 - 23)*(-1)/t?
11
Let x = -117 - -159. What is the remainder when x is divided by 11?
9
Let u = -33 - -86. Let h = 152 - u. Suppose -i = -3*v + 7*v - 33, -3*i = -4*v - h. What is the remainder when i is divided by 9?
6
Let a(y) = 3*y**2 + 4*y - 8. Let x = 14 - 7. Suppose -6*w + 6 = -x*w. Calculate the remainder when a(w) is divided by 26.
24
Let b = 27 - 22. Suppose w + p - 28 = -3*w, -w = b*p + 12. What is the remainder when w is divided by 6?
2
Let z = -80 + 94. What is the remainder when 23 is divided by z?
9
Let i = 57 + -47. Let s = -31 + 58. Calculate the remainder when s is divided by i.
7
Let j(a) = a + 8. Let l(y) = -y**3 + 27*y**2 + 4*y - 105. Calculate the remainder when j(0) is divided by l(27).
2
Suppose 7 = t + 11*j - 10*j, 2*t = 4*j + 26. What is the remainder when 51 is divided by t?
6
Let a(k) = -k**2 - 6*k + 9. Let n be a(-7). What is the remainder when n/3 - (-170)/6 is divided by 17?
12
Suppose -o - 6 = 5*x + 7, 3*o - 31 = -x. What is the remainder when 450 is divided by o?
6
Let n(i) = -i**3 + 8*i**2 - 2*i + 8. Calculate the remainder when (-2232)/(-27) - (-8)/6 is divided by n(7).
41
Suppose -183*x = -176*x - 427. What is the remainder when x is divided by 17?
10
Let w(a) = -4*a - 35 - 46 + 2*a + 100. Calculate the remainder when w(8) is divided by (-3)/(-4) + 3/12.
0
Let i be ((-3)/2)/((-3)/8). Suppose -i*c + 28 = -44. Calculate the remainder when c is divid